{"id":183,"date":"2012-10-11T20:46:47","date_gmt":"2012-10-11T20:46:47","guid":{"rendered":"http:\/\/www.yelizolcay.com\/?page_id=183"},"modified":"2019-08-18T09:21:17","modified_gmt":"2019-08-18T09:21:17","slug":"siteme-hosgeldiniz","status":"publish","type":"page","link":"https:\/\/www.yoginix.com\/","title":{"rendered":"Ho\u015fgeldiniz"},"content":{"rendered":"<p>G\u00fcn\u00fcm\u00fcz d\u00fcnyas\u0131nda her t\u00fcrl\u00fc bilgiye an\u0131nda ula\u015fabildi\u011fimiz bu ortamda eminim herkesin yogan\u0131n ne oldu\u011funa ya da olmad\u0131\u011f\u0131na y\u00f6nelik fikri vard\u0131r.<\/p>\n<p>Bu derin ve sonsuzluk gibi gelen bilgileri payla\u015fmak i\u00e7in bol bol zaman\u0131m\u0131z olacak ama yogan\u0131n benim i\u00e7in anlam ve \u00f6neminden bahsetmek isterim.&#8217;Benim i\u00e7in yoga; nefesimi, bedenimi, zihnimi <em><strong>AN<\/strong><\/em> larken, ald\u0131\u011f\u0131m her nefeste ruhumun f\u0131s\u0131lt\u0131lar\u0131n\u0131 y\u00fcre\u011fimin derinliklerinde hissedebilmektir.&#8217;<\/p>\n<p>Sevgilerimle<\/p>\n<p><em><strong>\u00a0YEL\u0130Z CAR<\/strong><\/em><\/p>\n","protected":false},"excerpt":{"rendered":"<p>G\u00fcn\u00fcm\u00fcz d\u00fcnyas\u0131nda her t\u00fcrl\u00fc bilgiye an\u0131nda ula\u015fabildi\u011fimiz bu ortamda eminim herkesin yogan\u0131n ne oldu\u011funa ya da olmad\u0131\u011f\u0131na y\u00f6nelik fikri vard\u0131r. Bu derin ve sonsuzluk gibi gelen bilgileri payla\u015fmak i\u00e7in bol bol zaman\u0131m\u0131z olacak ama yogan\u0131n benim i\u00e7in anlam ve \u00f6neminden bahsetmek isterim.&#8217;Benim i\u00e7in yoga; nefesimi, bedenimi, zihnimi AN larken, ald\u0131\u011f\u0131m her nefeste ruhumun f\u0131s\u0131lt\u0131lar\u0131n\u0131 y\u00fcre\u011fimin &hellip; <\/p>\n<p><a class=\"more-link btn\" href=\"https:\/\/www.yoginix.com\/\">Continue reading<\/a><\/p>\n","protected":false},"author":2,"featured_media":0,"parent":0,"menu_order":0,"comment_status":"closed","ping_status":"open","template":"","meta":{"footnotes":""},"class_list":["post-183","page","type-page","status-publish","hentry","nodate","item-wrap"],"_links":{"self":[{"href":"https:\/\/www.yoginix.com\/index.php?rest_route=\/wp\/v2\/pages\/183","targetHints":{"allow":["GET"]}}],"collection":[{"href":"https:\/\/www.yoginix.com\/index.php?rest_route=\/wp\/v2\/pages"}],"about":[{"href":"https:\/\/www.yoginix.com\/index.php?rest_route=\/wp\/v2\/types\/page"}],"author":[{"embeddable":true,"href":"https:\/\/www.yoginix.com\/index.php?rest_route=\/wp\/v2\/users\/2"}],"replies":[{"embeddable":true,"href":"https:\/\/www.yoginix.com\/index.php?rest_route=%2Fwp%2Fv2%2Fcomments&post=183"}],"version-history":[{"count":19,"href":"https:\/\/www.yoginix.com\/index.php?rest_route=\/wp\/v2\/pages\/183\/revisions"}],"predecessor-version":[{"id":1068,"href":"https:\/\/www.yoginix.com\/index.php?rest_route=\/wp\/v2\/pages\/183\/revisions\/1068"}],"wp:attachment":[{"href":"https:\/\/www.yoginix.com\/index.php?rest_route=%2Fwp%2Fv2%2Fmedia&parent=183"}],"curies":[{"name":"wp","href":"https:\/\/api.w.org\/{rel}","templated":true}]}}