{"id":548,"date":"2012-12-14T20:22:45","date_gmt":"2012-12-14T20:22:45","guid":{"rendered":"http:\/\/www.yelizolcay.com\/?page_id=548"},"modified":"2022-06-28T07:25:07","modified_gmt":"2022-06-28T07:25:07","slug":"konsantrasyon-calismalari","status":"publish","type":"page","link":"https:\/\/www.yoginix.com\/?page_id=548","title":{"rendered":"Konsantrasyon \u00c7al\u0131\u015fmalar\u0131"},"content":{"rendered":"<p style=\"padding-left: 30px;\"><a href=\"https:\/\/www.yoginix.com\/wp-content\/uploads\/2022\/06\/IMG_2394PS.jpg\"><img loading=\"lazy\" decoding=\"async\" class=\"alignnone size-full wp-image-1133\" src=\"https:\/\/www.yoginix.com\/wp-content\/uploads\/2022\/06\/IMG_2394PS.jpg\" alt=\"\" width=\"150\" height=\"150\" \/><\/a><\/p>\n<p style=\"text-align: left; padding-left: 30px;\">Nefes ve meditasyon teknikleri ile an&#8217; a geri d\u00f6n\u00fc\u015f yapmay\u0131 ve an&#8217; da<br \/>\nkalmay\u0131 hedefleriz. Hayat\u0131n her evresine yeti\u015fmeye hatta bazen onun<br \/>\npe\u015finde ko\u015fmaya \u00e7al\u0131\u015f\u0131rken t\u00f6kezleyip &#8216; Ben Neredeyim &#8216; , &#8216; Ne Yap\u0131yorum &#8216;<br \/>\nduygular\u0131yla y\u00fczle\u015firiz. Halbuki an &#8216; da kald\u0131\u011f\u0131m\u0131z her zaman hayat keyif<br \/>\nvermeye ba\u015flar.<\/p>\n<p style=\"text-align: left; padding-left: 30px;\">Konsantrasyon \u00e7al\u0131\u015fmalar\u0131yla ger\u00e7ek g\u00fcc\u00fcn\u00fcz\u00fc fark eder ve i\u00e7inizdeki bu<br \/>\nsonsuz g\u00fcc\u00fc kanatland\u0131r\u0131rs\u0131n\u0131z.<\/p>\n","protected":false},"excerpt":{"rendered":"<p>Nefes ve meditasyon teknikleri ile an&#8217; a geri d\u00f6n\u00fc\u015f yapmay\u0131 ve an&#8217; da kalmay\u0131 hedefleriz. Hayat\u0131n her evresine yeti\u015fmeye hatta bazen onun pe\u015finde ko\u015fmaya \u00e7al\u0131\u015f\u0131rken t\u00f6kezleyip &#8216; Ben Neredeyim &#8216; , &#8216; Ne Yap\u0131yorum &#8216; duygular\u0131yla y\u00fczle\u015firiz. Halbuki an &#8216; da kald\u0131\u011f\u0131m\u0131z her zaman hayat keyif vermeye ba\u015flar. Konsantrasyon \u00e7al\u0131\u015fmalar\u0131yla ger\u00e7ek g\u00fcc\u00fcn\u00fcz\u00fc fark eder ve &hellip; <\/p>\n<p><a class=\"more-link btn\" href=\"https:\/\/www.yoginix.com\/?page_id=548\">Continue reading<\/a><\/p>\n","protected":false},"author":2,"featured_media":456,"parent":0,"menu_order":0,"comment_status":"closed","ping_status":"closed","template":"template-onecolumn.php","meta":{"footnotes":""},"class_list":["post-548","page","type-page","status-publish","has-post-thumbnail","hentry","nodate","item-wrap"],"_links":{"self":[{"href":"https:\/\/www.yoginix.com\/index.php?rest_route=\/wp\/v2\/pages\/548","targetHints":{"allow":["GET"]}}],"collection":[{"href":"https:\/\/www.yoginix.com\/index.php?rest_route=\/wp\/v2\/pages"}],"about":[{"href":"https:\/\/www.yoginix.com\/index.php?rest_route=\/wp\/v2\/types\/page"}],"author":[{"embeddable":true,"href":"https:\/\/www.yoginix.com\/index.php?rest_route=\/wp\/v2\/users\/2"}],"replies":[{"embeddable":true,"href":"https:\/\/www.yoginix.com\/index.php?rest_route=%2Fwp%2Fv2%2Fcomments&post=548"}],"version-history":[{"count":7,"href":"https:\/\/www.yoginix.com\/index.php?rest_route=\/wp\/v2\/pages\/548\/revisions"}],"predecessor-version":[{"id":1134,"href":"https:\/\/www.yoginix.com\/index.php?rest_route=\/wp\/v2\/pages\/548\/revisions\/1134"}],"wp:featuredmedia":[{"embeddable":true,"href":"https:\/\/www.yoginix.com\/index.php?rest_route=\/wp\/v2\/media\/456"}],"wp:attachment":[{"href":"https:\/\/www.yoginix.com\/index.php?rest_route=%2Fwp%2Fv2%2Fmedia&parent=548"}],"curies":[{"name":"wp","href":"https:\/\/api.w.org\/{rel}","templated":true}]}}

Konsantrasyon Çalışmaları

<p style="padding-left: 30px;"><a href="https://www.yoginix.com/wp-content/uploads/2022/06/IMG_2394PS.jpg"><img loading="lazy" decoding="async" class="alignnone size-full wp-image-1133" src="https://www.yoginix.com/wp-content/uploads/2022/06/IMG_2394PS.jpg" alt="" width="150" height="150" /></a></p>
<p style="text-align: left; padding-left: 30px;">Nefes ve meditasyon teknikleri ile an&#8217; a geri dönüş yapmayı ve an&#8217; da<br />
kalmayı hedefleriz. Hayatın her evresine yetişmeye hatta bazen onun<br />
peşinde koşmaya çalışırken tökezleyip &#8216; Ben Neredeyim &#8216; , &#8216; Ne Yapıyorum &#8216;<br />
duygularıyla yüzleşiriz. Halbuki an &#8216; da kaldığımız her zaman hayat keyif<br />
vermeye başlar.</p>
<p style="text-align: left; padding-left: 30px;">Konsantrasyon çalışmalarıyla gerçek gücünüzü fark eder ve içinizdeki bu<br />
sonsuz gücü kanatlandırırsınız.</p>

<p>Nefes ve meditasyon teknikleri ile an&#8217; a geri dönüş yapmayı ve an&#8217; da kalmayı hedefleriz. Hayatın her evresine yetişmeye hatta bazen onun peşinde koşmaya çalışırken tökezleyip &#8216; Ben Neredeyim &#8216; , &#8216; Ne Yapıyorum &#8216; duygularıyla yüzleşiriz. Halbuki an &#8216; da kaldığımız her zaman hayat keyif vermeye başlar. Konsantrasyon çalışmalarıyla gerçek gücünüzü fark eder ve &hellip; </p>
<p><a class="more-link btn" href="https://www.yoginix.com/?page_id=548">Continue reading</a></p>
