{"id":566,"date":"2012-12-14T20:29:20","date_gmt":"2012-12-14T20:29:20","guid":{"rendered":"http:\/\/www.yelizolcay.com\/?page_id=566"},"modified":"2022-06-28T07:15:44","modified_gmt":"2022-06-28T07:15:44","slug":"annebebek-yogasi","status":"publish","type":"page","link":"https:\/\/www.yoginix.com\/?page_id=566","title":{"rendered":"Anne&#038;Bebek Yogas\u0131"},"content":{"rendered":"<p style=\"padding-left: 30px;\"><a href=\"https:\/\/www.yoginix.com\/wp-content\/uploads\/2022\/06\/resim648.jpg\"><img loading=\"lazy\" decoding=\"async\" class=\"alignnone size-full wp-image-1125\" src=\"https:\/\/www.yoginix.com\/wp-content\/uploads\/2022\/06\/resim648.jpg\" alt=\"\" width=\"150\" height=\"150\" \/><\/a><\/p>\n<p style=\"padding-left: 30px;\">Hamilelik \u00f6ncesi, hamilelik s\u0131ras\u0131nda ve do\u011fum sonras\u0131ndaki yoga \u00e7al\u0131\u015fmalar\u0131<br \/>\nbebe\u011finizin do\u011fumundan 6 ile 8 hafta sonra anne bebek yogas\u0131 derslerin<br \/>\nkat\u0131l\u0131mla yepyeni bir heyecana kucak a\u00e7ar.<\/p>\n<p style=\"padding-left: 30px;\">Bu derslerde hem bebe\u011finizle beraber olabilir hem de kendinize ve birbirinize<br \/>\nzaman ay\u0131rabilirsiniz.<\/p>\n<p style=\"padding-left: 30px;\">Anne ve bebe\u011fin aras\u0131nda hamilelik s\u00fcresi ile ba\u015flayan ve an be an artarak<br \/>\ndevam eden duygusal ba\u011flar bebe\u011fin psikolojik geli\u015fiminin temelidir.<br \/>\nYoga duru\u015flar\u0131 (asana), nefes \u00e7al\u0131\u015fmalar\u0131 (pranayama), dans, bebek masaj\u0131<br \/>\ngibi ders ak\u0131\u015flar\u0131 hem annenin hem de bebe\u011fin rahatlamalar\u0131na yard\u0131mc\u0131 olur.<\/p>\n<p style=\"padding-left: 30px;\">Bebe\u011finiz y\u00fcr\u00fcmeye ba\u015flamadan evvel onunla yapaca\u011f\u0131n\u0131z bu dersler sa\u011fl\u0131k,<br \/>\ng\u00fc\u00e7 ve ileti\u015fimi geli\u015ftiren ne\u015feli, e\u011flenceli ve sevgi dolu bir \u00e7al\u0131\u015fmad\u0131r.<\/p>\n","protected":false},"excerpt":{"rendered":"<p>Hamilelik \u00f6ncesi, hamilelik s\u0131ras\u0131nda ve do\u011fum sonras\u0131ndaki yoga \u00e7al\u0131\u015fmalar\u0131 bebe\u011finizin do\u011fumundan 6 ile 8 hafta sonra anne bebek yogas\u0131 derslerin kat\u0131l\u0131mla yepyeni bir heyecana kucak a\u00e7ar. Bu derslerde hem bebe\u011finizle beraber olabilir hem de kendinize ve birbirinize zaman ay\u0131rabilirsiniz. Anne ve bebe\u011fin aras\u0131nda hamilelik s\u00fcresi ile ba\u015flayan ve an be an artarak devam eden duygusal &hellip; <\/p>\n<p><a class=\"more-link btn\" href=\"https:\/\/www.yoginix.com\/?page_id=566\">Continue reading<\/a><\/p>\n","protected":false},"author":2,"featured_media":377,"parent":0,"menu_order":0,"comment_status":"closed","ping_status":"closed","template":"template-onecolumn.php","meta":{"footnotes":""},"class_list":["post-566","page","type-page","status-publish","has-post-thumbnail","hentry","nodate","item-wrap"],"_links":{"self":[{"href":"https:\/\/www.yoginix.com\/index.php?rest_route=\/wp\/v2\/pages\/566","targetHints":{"allow":["GET"]}}],"collection":[{"href":"https:\/\/www.yoginix.com\/index.php?rest_route=\/wp\/v2\/pages"}],"about":[{"href":"https:\/\/www.yoginix.com\/index.php?rest_route=\/wp\/v2\/types\/page"}],"author":[{"embeddable":true,"href":"https:\/\/www.yoginix.com\/index.php?rest_route=\/wp\/v2\/users\/2"}],"replies":[{"embeddable":true,"href":"https:\/\/www.yoginix.com\/index.php?rest_route=%2Fwp%2Fv2%2Fcomments&post=566"}],"version-history":[{"count":9,"href":"https:\/\/www.yoginix.com\/index.php?rest_route=\/wp\/v2\/pages\/566\/revisions"}],"predecessor-version":[{"id":1126,"href":"https:\/\/www.yoginix.com\/index.php?rest_route=\/wp\/v2\/pages\/566\/revisions\/1126"}],"wp:featuredmedia":[{"embeddable":true,"href":"https:\/\/www.yoginix.com\/index.php?rest_route=\/wp\/v2\/media\/377"}],"wp:attachment":[{"href":"https:\/\/www.yoginix.com\/index.php?rest_route=%2Fwp%2Fv2%2Fmedia&parent=566"}],"curies":[{"name":"wp","href":"https:\/\/api.w.org\/{rel}","templated":true}]}}